inder when 218 is divided by r(k)?
53
Let g(u) = -37*u + 6. Let b be g(2). Let d(i) = -i**2 + 23*i - 5. Let t be d(19). Let m = t + b. Calculate the remainder when 5 is divided by m.
2
Suppose -l = -3*a - 4074, 2*a + 8258 + 12203 = 5*l. Calculate the remainder when l is divided by 6.
3
Calculate the remainder when 13397 is divided by ((-1635)/(-75) - -13)*5.
173
Suppose -5602 - 98 = -50*p. Calculate the remainder when 807 is divided by p.
9
What is the remainder when 654 - (-18 - -39 - 9) is divided by 43?
40
Suppose 17*t - 6*t + 1408 = 0. Let v be (35 - 29)*t/3. Let i = v - -416. What is the remainder when i is divided by 18?
16
Suppose 4171 = 48*t + 283. What is the remainder when 231 is divided by t?
69
Let n(c) = 116*c - 2055. Calculate the remainder when 1550 is divided by n(18).
32
Suppose 2*d - 6 = 8. Suppose 5*l + 14 = 4*h - d, 8 = 3*h + 4*l. Suppose -94 - 14 = -h*f. What is the remainder when f is divided by 5?
2
Let c = -255 - -165. Let v(t) = -47*t + 7. Let n be v(3). Let g = c - n. What is the remainder when g is divided by 24?
20
Let r(q) = q**3 - 8*q**2 + 3*q + 2. Let b = -83 + 91. Calculate the remainder when 207 is divided by r(b).
25
Suppose 28*c = 37*c - 3294. Let u = c - 299. Calculate the remainder when 263 is divided by u.
62
Let f(s) = 2*s**3 - 15*s**2 - 6*s - 1. What is the remainder when f(9) is divided by 187?
1
Suppose -2277 = 13*k + 427. Calculate the remainder when 39 is divided by (-3)/24 - 6890/k.
6
Suppose 1 = 2*g - 5. Let u = -435 + 429. Calculate the remainder when 13 is divided by (7 + u)/(g/12).
1
Let m(g) = 15*g**3 + 5*g**2 - 2*g + 18. What is the remainder when m(4) is divided by 24?
18
Let i = 114 - 122. Let l(h) = -2*h**3 - 11*h**2 - 6*h - 2. What is the remainder when l(i) is divided by 46?
44
Suppose 6 = -2*u - 0, 5*u = -a + 17. Suppose -a = -v - 2*x, 9*x - 118 = -4*v + 6*x. What is the remainder when 2/3 - 470/(-6) is divided by v?
23
Let t = 4896 + -3937. Calculate the remainder when t is divided by 241.
236
Suppose 2*w - 1192 = -v, -w - 6*v = -711 + 126. Calculate the remainder when w is divided by 87.
75
Suppose -6 = -w - w. Suppose 0*k - w*k = -42. Calculate the remainder when (-551)/(-11) + -10 + (-1)/11 is divided by k.
12
Suppose 4*r - 33 = 55. Let v = 11017 - 11012. Calculate the remainder when r is divided by v.
2
Suppose -3*b + 1 + 20 = 0. Let t = 173 + -165. Suppose 5*p - 79 = -3*z + t, 0 = -5*z + 3*p + 111. Calculate the remainder when z is divided by b.
3
Suppose 86*r - 10622 = -27*r. Calculate the remainder when 376 is divided by r.
0
Let m = 31 - 10. Let g = -311 - -305. What is the remainder when 50 is divided by g/m - -191*3/21?
23
Suppose -2*y - 667 = -3*a, 70*y = -2*a + 73*y + 453. Calculate the remainder when a is divided by 3.
0
Suppose -115*j + 11430 = -25*j. Calculate the remainder when 78864 is divided by j.
124
Suppose -11*m + 16 = -127. What is the remainder when (13/2)/((3 - 7) + (-66)/(-16)) is divided by m?
0
Suppose -28*a + 3073 + 4767 = 0. Suppose 283*w - a*w = 1362. What is the remainder when w is divided by 38?
36
Suppose 433*f + 165 = 438*f. Suppose -o = -4*o + 51. Suppose 5 - o = -b. Calculate the remainder when f is divided by b.
9
Let f = 23 + 2. Let h = -34 + 38. What is the remainder when f is divided by -4*4/h*-2?
1
Let o(v) = -5*v + 17. Let z be o(4). Let j(h) = 19*h - 1. Let b(a) = 9*a - 1. Let f(m) = z*j(m) + 5*b(m). What is the remainder when f(-2) is divided by 6?
4
Let d = 13300 - 13183. What is the remainder when 427 is divided by d?
76
Let x = -10392 - -10472. Calculate the remainder when 403 is divided by x.
3
Suppose z - 1 = x, -4*z - z + x = -9. Suppose 2*q - z = 6. Suppose 3*n + n = q*r - 28, 19 = r + 3*n. What is the remainder when 22 is divided by r?
2
Let b = 956 + -386. Suppose -4*k - 49 - 185 = -2*s, -5*s + 5*k = -b. What is the remainder when s is divided by 32?
15
Let a be 24*(-6)/(-8)*8/(-12). Let j(m) = m**3 + 11*m**2 - 15*m - 5. Let q be j(a). Suppose 5*u - 24 = q. Calculate the remainder when 76 is divided by u.
10
Let x = -460 + 458. Let f(z) = z**3 + 3*z**2 - 3*z - 2. Calculate the remainder when f(3) is divided by (-112)/(-7) + (-3 - x).
13
Let l(j) = 15*j**2 - 3. Suppose h + 4*m = 4*h - 102, h - 36 = 2*m. Let p be 1 + 34/30 + (-4)/h. What is the remainder when l(p) is divided by 30?
27
Suppose 0 = 5*d + x - 0*x - 95, 0 = -2*d - 2*x + 30. Calculate the remainder when 122 is divided by (-4)/d + (432/(-20))/(-3).
3
Suppose -2550 = -339*o + 324*o. What is the remainder when 329 is divided by o?
159
Let v be (6240/180)/((-2)/(-6)). Let r = -83 + v. What is the remainder when 40 is divided by r?
19
Suppose 3*v - 65 + 14 = 0. What is the remainder when 60 is divided by v?
9
Suppose 0 = -72*r + 83*r - 33. Suppose -2*s + r*h = -119, 4*s + 81*h - 198 = 79*h. Calculate the remainder when 107 is divided by s.
3
Let r(i) = -194*i + 1796. Calculate the remainder when r(9) is divided by 35.
15
Suppose 0 = 3*o - 2*p - 18, 2*o + 3*p + 5 - 4 = 0. Suppose 0 = -o*i - 142 + 394. What is the remainder when i is divided by (2 + -1)/((1 + 1)/12)?
3
Suppose 2*q + h + 1 = -q, -2*h - 2 = -2*q. Suppose q = g + g + 3*f - 34, -14 = -g - 3*f. Let k = g + 31. What is the remainder when k is divided by 12?
3
Calculate the remainder when 283 is divided by 346/12 - (3965/78)/61.
3
Suppose 5 - 13 = -4*z + 4*a, 0 = -2*a - 4. Suppose z = -11*p + 80 + 52. Suppose 78 = -p*d + 18*d. What is the remainder when d is divided by 3?
1
Calculate the remainder when 499 + 2*51/(-17) is divided by 26.
25
Let b(g) = 2*g**3 - 27*g**2 + 14*g + 15. Let w(a) = a**2 + 1. Let u(k) = b(k) - 2*w(k). What is the remainder when 45 is divided by u(14)?
6
Let n(d) = -5*d + 1. Let t = 197 + -183. What is the remainder when n(-7) is divided by t?
8
Suppose -111 = 5*i + 5*b + 164, 307 = -5*i + 3*b. Let c = i + 82. Calculate the remainder when c is divided by 5.
3
Suppose -3*n = n + 4. Let f be (-557)/(-5) + n + 18/30. Let b = 197 - f. What is the remainder when b is divided by 11?
9
Let l be (-1)/(-3) + (-42)/(-9). Suppose l*m - 33 - 2 = 0. What is the remainder when 6*((-62)/(-4) - 8) is divided by m?
3
Let y(s) = -s**3 - 2*s**2 - 2*s - 1. Let g = 136 + -139. Calculate the remainder when 50 is divided by y(g).
8
Suppose 0 = 2*y + b - 149 - 182, -5*y + 825 = 3*b. Calculate the remainder when 2855 is divided by y.
167
Calculate the remainder when (9/(-12) + 0)*(0 - 5128/6) is divided by 132.
113
Let d = -29 - -32. Let k(p) = -3*p**2 - 5*p**3 + 10*p**2 + 0*p**3 + 4 + 4*p**d + 8*p. Calculate the remainder when k(7) is divided by 9.
6
Suppose 4*w + o - 2 = -2*o, 3*w + 3*o = 0. Let r(b) = -1 - w + 1 - 6*b + 7. What is the remainder when 67 is divided by r(-5)?
32
Let d = 646 + -626. What is the remainder when 885 is divided by d?
5
What is the remainder when 6270 is divided by (5 + 246)/(1 + 0/13)?
246
Let s(v) = 6*v - 14. Suppose -6*w + 45 = -3. Calculate the remainder when 63 is divided by s(w).
29
Let v(j) = -12*j + 16. Let b be v(0). Suppose -4*z + 21*i + 55 = b*i, 2*z - 32 = -2*i. Calculate the remainder when 143 is divided by z.
8
Let x be ((-22)/10 + 3)/((-1)/10). Let s(v) = -v**2 - 7*v + 12. Let d be s(x). Suppose -2*h = d*h - 78. What is the remainder when 25 is divided by h?
12
Let h(w) = w**2 - 139*w + 3041. What is the remainder when h(121) is divided by 108?
107
Let c(u) = 24*u**3 + 16*u - 15. What is the remainder when 8648 is divided by c(1)?
23
Calculate the remainder when 4021 is divided by (-7 - 16) + (-3864)/(-21).
157
Calculate the remainder when 3/((-15)/1046)*(-440)/176 is divided by 24.
19
Let u(x) = x**3 + 9*x**2 + 3*x - 5. Let b be u(-6). Let d(q) = -170*q + 10569. What is the remainder when b + 0/(-2) - 1 is divided by d(62)?
26
Suppose -h = 2*t - 2, 5*t - 3 = 2*h + 11. Suppose -15 = 3*x, -5*x - 35 = 3*p + 2. What is the remainder when 80 is divided by 26 + (5/(-10))/(t/p)?
26
Suppose -742*y + 733*y + 5886 = 0. Calculate the remainder when y is divided by 177.
123
Suppose -2*l + 3*v = l - 24, 7 = -l + 4*v. Suppose -l*i = -665 + 41. What is the remainder when 58 is divided by i?
10
Let c(r) be the first derivative of 2*r**2 + 43*r + 3752. Let n = 12 + -4. Calculate the remainder when c(n) is divided by 11.
9
Suppose 20*z = 19*z. Let i be (z - 2) + 40/8. Suppose -7*l + 204 = -3